the prime factors of (-5)/w + -2 - a.
3, 17
Suppose -2*k = 4, 0 = -7*n + 8*n + 4*k - 727. What are the prime factors of n?
3, 5, 7
Let x(d) = 4*d**2 + d - 14. Let m(q) = -3*q**2 + 9. Let u(n) = -8*m(n) - 5*x(n). What are the prime factors of u(-5)?
3, 41
Let v(y) be the second derivative of -7*y**3/3 + 6*y**2 - 41*y. What are the prime factors of v(-5)?
2, 41
Let m(o) = 2*o - 7. Let i(x) = 3 - 2*x + 1 + 4. Let n(j) = -5*i(j) - 6*m(j). What are the prime factors of n(-3)?
2
Let h be 3/(-3 - 168/(-55)) + 3. Let b = h + 62. List the prime factors of b.
2, 3, 5
Let y = -54 - -125. List the prime factors of y.
71
Suppose -91 = -0*z - z. Suppose -h = -i - 24, z - 38 = -2*i - 3*h. Let n = i + 48. What are the prime factors of n?
23
Let a = -130 + 205. Suppose 5*q - 95 - a = 0. What are the prime factors of q?
2, 17
Let b(m) = 14*m - 1. Suppose 0 = 2*i - 5*i + 6. List the prime factors of b(i).
3
Suppose -5*a + 5 = -4*a. Suppose 4*d = 5*t - 20, d = -a*t - d + 20. List the prime factors of (-6)/((-2)/(8/t)).
2, 3
Let q(s) = -2*s**3 + 5*s**2 - 8*s + 8. Let x be q(2). Let f(o) = -14*o + 7. List the prime factors of f(x).
3, 7
Suppose 0*g + 258 = 3*g. Suppose g - 2 = 6*p. What are the prime factors of 100/p - (-2)/(-14)?
7
Let b be (-26)/7 + 2/(-7). Suppose 0 = -5*a + 10 + 25. What are the prime factors of a/(-14) - 138/b?
2, 17
Let r(c) = 6*c - 16. Let k be r(7). Suppose 0 = -p + 11 + k. What are the prime factors of p?
37
Let t(w) = -12*w**2 - 6*w - 1. Let x be t(-3). Let k = -35 - x. Let h = k - 18. What are the prime factors of h?
2, 19
Suppose g + 19*b - 781 = 20*b, 5*g - b - 3917 = 0. What are the prime factors of g?
2, 7
Let j be (12 - -742)/(1 - -1). Let h = j + -257. List the prime factors of h.
2, 3, 5
Let h be 1 + -7 + 3 + 5. Suppose -16 = -u - 2*u - q, -2 = -h*q. Suppose -u*n + 3*x + 28 = 0, -3*n - 2*n + x + 26 = 0. What are the prime factors of n?
5
Let d(o) = -9*o + 76. Let a be (-14)/63 + 392/(-18). What are the prime factors of d(a)?
2, 137
Let f be (44/12)/((-1)/3). Let j = f - -23. Suppose -7*h = -5*h - j. List the prime factors of h.
2, 3
Let s(q) = q**2 - 14*q - 12. Let k be s(15). Suppose -5*v = -k*t - t - 3, -2*v = -3*t + 3. Let b(x) = x**3 - x**2 - x. What are the prime factors of b(v)?
3, 5
Let t = -522 + 645. List the prime factors of t.
3, 41
Let a = 847 + -38. List the prime factors of a.
809
Let w = -779 - -3381. List the prime factors of w.
2, 1301
Let o(g) = -2*g + 45. Suppose -4*m + 8 = -u + 24, u + m = -4. Suppose u*s = 2*s. List the prime factors of o(s).
3, 5
Suppose 0*h = 5*h - 10. Suppose 3*c = 3*u + 18, -c + h*c + 6 = -2*u. Suppose 3*b = -2*p + 40, 3*p + 1 = c*p. What are the prime factors of b?
2, 7
Let w(s) = -s**3 + 2*s**2 - 2*s + 2. Let y = 6 - 9. Let z be w(y). Let v = 89 - z. What are the prime factors of v?
2, 3
Suppose 2*w - 164 = 6. Let r = -18 + w. Suppose 5*x = r + 28. List the prime factors of x.
19
Suppose -4*d - 3 + 19 = 0. Suppose 5*y = d*s + 457, -4*y - 7*s + 3*s = -344. List the prime factors of y.
89
Suppose -9*w = -11*w - 14. Let f(p) = -p**3 - 8*p**2 - 9*p + 1. Let g be f(w). Let x = g + 50. What are the prime factors of x?
5, 13
Let m be (55/(-10))/((-1)/(-10)). Let y = 99 + m. What are the prime factors of y?
2, 11
Suppose 45*p - 9801 = 74529. What are the prime factors of p?
2, 937
Suppose -o + 8*p - 6*p + 79 = 0, -4*o + 306 = -3*p. List the prime factors of o.
3, 5
Suppose 2*w - 62 = -22. Suppose 4*o = 3*r + 30 + w, 0 = -5*r - 10. What are the prime factors of o?
11
Let j = 323 - 207. List the prime factors of j.
2, 29
Let i(j) = -j - 6*j - 2*j + 4*j - 9. Let h be i(8). Let m = 97 + h. What are the prime factors of m?
2, 3
Let c(z) be the first derivative of -z**3/3 - 4*z**2 + 3*z - 1. Let h be c(-8). Suppose 0*m = -3*m + 3*p + 15, h*m - 3 = -p. List the prime factors of m.
2
What are the prime factors of (-3 - (-8 - 4)) + 543?
2, 3, 23
Suppose -3*r = -z - 6 - 3, -z = 3*r + 3. Let a = 9 - z. List the prime factors of 252/a - (-1)/5.
17
Let j(c) = -9*c**3 - c**2 - c. Let n be j(-2). Suppose 5*f + 2*x = -236, 2*f - x = x - 100. Let u = n + f. List the prime factors of u.
2, 11
Let c(x) = 7*x**2 + 4*x + 7*x**2 + 0*x**2 - 7 - 7*x**2. What are the prime factors of c(-4)?
89
Let i = -138 + 157. List the prime factors of i.
19
Let o(r) = 17*r + 6. Let w be (-4)/6 + (-31)/3. Let h = -9 - w. What are the prime factors of o(h)?
2, 5
Let g(w) = 10*w + 4. Let p(x) = x - 9. Let u be p(9). Suppose u = -h - 1 + 4. What are the prime factors of g(h)?
2, 17
Let j be (-12)/8 + 18/4. Suppose j*a + 46 = 4*a. What are the prime factors of a?
2, 23
Suppose 0 = -5*z - 2*n - 315 - 559, -4*z = -4*n + 688. What are the prime factors of 2/(-14) + z/(-42)?
2
Let d(x) = x**2 - 6*x + 3. Let i be d(-16). Let j be i/(-20) - (-1)/(-4). What are the prime factors of j/8*(-32)/3?
2, 3
Let t be ((-4)/(-10))/(3/(-630)). Let r = 101 + t. What are the prime factors of r?
17
Let a = 1009 - 963. List the prime factors of a.
2, 23
Let s = 1296 - 699. List the prime factors of s.
3, 199
Let w(m) = 4 + 4*m**2 - 6 + m**2. Let k(j) = j**2 - 4*j - 2. Let l be k(4). List the prime factors of w(l).
2, 3
Suppose 3*l = -3, -5*l = 33*g - 32*g - 347. List the prime factors of g.
2, 11
What are the prime factors of 1 - -3 - (-3198 - 1)?
3203
Suppose -5*t - 3 = -2*i - 43, -54 = 5*i - t. Let x = -7 - i. Suppose 4*m = 2*m + x*l + 119, 66 = m + 5*l. List the prime factors of m.
61
Let v be -1 + 2 + 3 + -2. List the prime factors of (7 - v)/(5 - 4).
5
Let q(i) = -i**2 + i + 3. Let z be q(-2). Let f be (32 + z/(-3))*1. Suppose 68 = 2*c + 4*y, 4*c - y + f = 5*c. What are the prime factors of c?
2
Let l = 20 - 20. Suppose l = -17*a - 36 + 189. What are the prime factors of a?
3
Let y(x) = -12*x**3 + 12*x**2 + 97*x - 4. List the prime factors of y(-6).
2, 23, 53
Let z be (-72)/30*10/(-3). What are the prime factors of ((-158)/(-4) - (-4)/z) + 1?
41
Suppose -192 = -2*n + 382. Let m = -178 + n. List the prime factors of m.
109
Suppose 4*u - 2*h = -0*h - 2, 3*h = 3*u - 3. List the prime factors of 2 - (u/(-4) + 876/(-8)).
3, 37
Let x = -3202 + 6447. List the prime factors of x.
5, 11, 59
Suppose -2*d + 0 = 2. Let u be (d - -3)*(19 + -14). Suppose 165 = 5*o + 5*z, -4*o + u*z + 177 = 5*z. List the prime factors of o.
2, 19
Let v(p) = p**2 - 18*p - 8. Let c be v(20). Suppose -y = -3*y + c. List the prime factors of y.
2
Let s = -40 + 31. Suppose 0 = -5*w + 152 - 47. Let c = s + w. What are the prime factors of c?
2, 3
Suppose -586 + 8322 = 8*h. What are the prime factors of h?
967
Suppose -l = 5*q - 4445, -23 + 3 = 5*q. What are the prime factors of l?
5, 19, 47
Suppose 0 = 5*j + 3*z - 16443, -5*j - 3*z = z - 16444. What are the prime factors of j?
2, 3, 137
Suppose 57 = 3*j - 45. Suppose 2*a + j + 12 = 0. Let b = a - -47. List the prime factors of b.
2, 3
Let f(v) = v**3 + 8*v**2 + 5*v - 15. Let z be f(-6). Let a(x) = -x**3 + 27*x**2 + 8*x - 36. List the prime factors of a(z).
2, 3, 5
Let n = 277 + -447. Let w = -123 - n. What are the prime factors of w?
47
Suppose -5*b - 7*i + 3*i - 40 = 0, -i = 0. Let l be 2/b + (-1547)/(-28). Suppose -130 = -5*s + 4*r, -l = -2*s + r - 0*r. What are the prime factors of s?
2, 3, 5
Let a(u) = u**3 - 6*u**2 - 34*u - 25. What are the prime factors of a(16)?
11, 181
Suppose 38 - 87 = 7*b. Let n(i) = -i**2 - 12*i + 8. List the prime factors of n(b).
43
Suppose 3*n = -2*k + 46, 3*n + 2*k = 4*n - 2. What are the prime factors of n?
2, 3
Let o(i) = -6*i + 143. What are the prime factors of o(-29)?
317
Let h = 4028 + 247. What are the prime factors of 2/9 + h/81?
53
Suppose 0 = 4*y - 5*d + 38, 5*y - 5*d + 2*d + 41 = 0. Suppose t + 4*x = 25, -x - 3*x = -12. Let k = y + t. What are the prime factors of k?
2, 3
Let r = -11 + 7. Let u be -15 + (-2 - 2)/(-1) - 6. Let y = r - u. List the prime factors of y.
13
Suppose -5*k + 5*a = -2*k + 32, 3*k = 4*a - 28. Let l = k + 45. What are the prime factors of l?
41
Let b(d) = 6*d**2 - 2*d. Let w be b(3). Let u(h) = -7*h - 8. Let o be u(-14). Let j = o - w. List the prime factors of j.
2, 3, 7
Let k(q) = -6*q**3 + 6*q**2 + 4*q - 12. Let i(s) = 7*s**3 - 6*s**2 - 5*s + 13. Let m(c) = 5*i(c) + 6*k(c). What are the prime factors of m(4)?
3, 7
Let u(r) = -6*r - 9. Let v be u(-19). Suppose -4*s + 31 